{"id":183,"date":"2022-11-25T00:13:50","date_gmt":"2022-11-25T00:13:50","guid":{"rendered":"https:\/\/nilsis.com\/?page_id=183"},"modified":"2022-11-25T00:22:59","modified_gmt":"2022-11-25T00:22:59","slug":"amazon-danismanligi","status":"publish","type":"page","link":"https:\/\/nilsis.com\/index.php\/amazon-danismanligi\/","title":{"rendered":"Amazon Hizmetleri"},"content":{"rendered":"\n<p>  <\/p>\n\n\n\n<ul class=\"wp-block-list\">\n<li>Amazon sat\u0131c\u0131 hesab\u0131 kurulumu<\/li>\n\n\n\n<li>Birebir ve uzaktan e\u011fitim<\/li>\n\n\n\n<li>Ma\u011fazan\u0131n aktif hale getirilmesi<\/li>\n\n\n\n<li>Amazon i\u015f modelleri ve s\u00fcrd\u00fcr\u00fclebirlik<br>&#8220;FBA &#8211; FBM , retail arbitrage , online arbitrage , private label&#8221;<\/li>\n\n\n\n<li>Alibaba , Aliexpress vs. tedarik zincirine giri\u015f. <\/li>\n\n\n\n<li>T\u00fcrkiye lokasyonlu \u00fcr\u00fcnlerinizi d\u00fcnya geneline pazarlama<\/li>\n\n\n\n<li>Amazon yaz\u0131l\u0131mlar\u0131<\/li>\n\n\n\n<li>Pazar yerleri ve karl\u0131l\u0131k analizleri , global sat\u0131\u015f<\/li>\n\n\n\n<li>Wise &#8211; Payonner hesap kurulumlar\u0131 (Bireysel-Kurumsal)<\/li>\n<\/ul>\n\n\n\n<p><\/p>\n","protected":false},"excerpt":{"rendered":"","protected":false},"author":1,"featured_media":0,"parent":0,"menu_order":0,"comment_status":"closed","ping_status":"closed","template":"","meta":{"footnotes":""},"class_list":["post-183","page","type-page","status-publish"],"jetpack-related-posts":[{"id":196,"url":"https:\/\/nilsis.com\/index.php\/e-ticaret-vpn-destegi\/","url_meta":{"origin":183,"position":0},"title":"E-ticaret VPN deste\u011fi","date":"Kas\u0131m 25, 2022","format":false,"excerpt":"\u0130\u015fletmelerin e-ihracat yaparken amazon , etsy , ebay gibi platformlarda birden fazla hesap a\u00e7malar\u0131n\u0131 gerektirecek durumlar olu\u015fur. Avrupa ve Amerika K\u0131tas\u0131 dahilindeki sat\u0131c\u0131 ma\u011faza hesaplar\u0131n\u0131z i\u00e7in do\u011fru vpn se\u00e7imleri Amazon Web Services\u00a0(AWS) sunucu yap\u0131land\u0131rmalar\u0131 Amazon , Ebay , Etsy pazar yeri algoritmalar\u0131na uyumlu vpn kurulum hizmeleri","rel":"","context":"Benzer yaz\u0131","img":{"alt_text":"","src":"","width":0,"height":0},"classes":[]},{"id":193,"url":"https:\/\/nilsis.com\/index.php\/etsy-destek\/","url_meta":{"origin":183,"position":1},"title":"Etsy Destek","date":"Kas\u0131m 25, 2022","format":false,"excerpt":"Etsy sat\u0131c\u0131 hesab\u0131 kurulumu Sat\u0131c\u0131 banka hesab\u0131 ayarlar\u0131 \u00dcr\u00fcn bulma Birebir , uzaktan e\u011fitim ve destek T\u00fcrkiye ' den di\u011fer \u00fclkelere \u00fcr\u00fcn g\u00f6nderme Ara depolarla \u00e7al\u0131\u015fma Etsy seo , rakip analizi Do\u011fru anahtar kelimeler ile \u00fcst s\u0131ralara \u00e7\u0131kma Etsy ' de sosyal medyan\u0131n g\u00fcc\u00fc ve reklam \u00e7al\u0131\u015fmalar\u0131","rel":"","context":"Benzer yaz\u0131","img":{"alt_text":"","src":"","width":0,"height":0},"classes":[]}],"_links":{"self":[{"href":"https:\/\/nilsis.com\/index.php\/wp-json\/wp\/v2\/pages\/183","targetHints":{"allow":["GET"]}}],"collection":[{"href":"https:\/\/nilsis.com\/index.php\/wp-json\/wp\/v2\/pages"}],"about":[{"href":"https:\/\/nilsis.com\/index.php\/wp-json\/wp\/v2\/types\/page"}],"author":[{"embeddable":true,"href":"https:\/\/nilsis.com\/index.php\/wp-json\/wp\/v2\/users\/1"}],"replies":[{"embeddable":true,"href":"https:\/\/nilsis.com\/index.php\/wp-json\/wp\/v2\/comments?post=183"}],"version-history":[{"count":3,"href":"https:\/\/nilsis.com\/index.php\/wp-json\/wp\/v2\/pages\/183\/revisions"}],"predecessor-version":[{"id":189,"href":"https:\/\/nilsis.com\/index.php\/wp-json\/wp\/v2\/pages\/183\/revisions\/189"}],"wp:attachment":[{"href":"https:\/\/nilsis.com\/index.php\/wp-json\/wp\/v2\/media?parent=183"}],"curies":[{"name":"wp","href":"https:\/\/api.w.org\/{rel}","templated":true}]}}